 + 2*u - 2 = 0, -2*u = -5*s - d*u. What are the prime factors of s?
2
Let o be (-15)/6*8/(-10). Let v be (-1 - -6)*(-2)/(-2). Suppose 15 + v = o*u. List the prime factors of u.
2, 5
Let z(x) = -3*x**3 + 7*x + 5. Let l(f) = f**3 - 3*f - 2. Let r(q) = 5*l(q) + 2*z(q). Let m = 1 + -2. List the prime factors of r(m).
2
Let f = 26 - 188. What are the prime factors of 6/4 - f/12?
3, 5
What are the prime factors of (-746)/(-14) - 34/119?
53
What are the prime factors of 2/(8/156 - 0)?
3, 13
Suppose w + 6 - 38 = 0. List the prime factors of w.
2
Let s(t) = 3*t**3 - t**2 + 7*t + 7. Let c(k) = -4*k**3 + k**2 - 10*k - 10. Let f(b) = -5*c(b) - 7*s(b). List the prime factors of f(-2).
3, 5
Let p(i) = -i**3 + 10*i**2 - 8*i - 6. Let t be p(9). Suppose -5*l + t*a + 90 = 0, -3*l - 2*a + 50 = -23. Suppose 3*j = 6*j - l. What are the prime factors of j?
7
Suppose -2*w - 3 - 9 = 0. Let c = -5 - w. Let v(o) = 5*o**2 + 2*o - 1. List the prime factors of v(c).
2, 3
Let n(v) = -v + 7. What are the prime factors of n(-12)?
19
Let a = 32 - 7. Suppose y + 6 - a = 0. What are the prime factors of y?
19
Suppose -6 - 2 = -2*w. Let f = 54 - 38. List the prime factors of w/f + (-31)/(-4).
2
Let g = 10 + -6. Suppose 1 = g*h + 9. What are the prime factors of 1 + h - 11/(-1)?
2, 5
Suppose -5*w = 4*i - 1834, 0*i + 3*i = -3*w + 1374. What are the prime factors of 4/(-30) - i/(-45)?
2, 5
Let s be (-3)/(-3)*(-2)/2. Let o = 5 - s. List the prime factors of o.
2, 3
Let u = -22 - -14. Let x(j) = -j**2 - 11*j - 7. What are the prime factors of x(u)?
17
Let l(h) = h**3 + h + 32. List the prime factors of l(0).
2
Suppose -2 = i, 0 = -5*o + 2*i + 39 + 60. Suppose -87 = -4*n - o. What are the prime factors of n?
17
List the prime factors of (-17)/(-34)*(-254)/(-1).
127
Suppose -2 = 2*a + 6, 0 = -2*c + 3*a. Let q(l) = -l**3 - 5*l**2 + 6*l + 6. List the prime factors of q(c).
2, 3
Let n = -5 - -3. Let i be 11*((n - 1) + 0). What are the prime factors of ((-10)/3 + 3)*i?
11
Let q(o) = o - 1. Let b(s) = s. Let x be b(2). Let l(w) = -5. Let v(m) = x*q(m) + l(m). What are the prime factors of v(9)?
11
Let j(q) = -q + 5. Let u be j(0). Let k(p) = -4*p + 5*p - 2 + 0 + p. List the prime factors of k(u).
2
Let y be (-3)/((-2)/((-12)/(-9))). Suppose 0 = y*b - 4*b + 102. Suppose -2*w = w - b. List the prime factors of w.
17
Suppose s + 3*a = -3, -6*s + 3*s - 5*a - 1 = 0. Suppose y - s*q + 2*q = 33, 0 = -4*y + q + 132. List the prime factors of y.
3, 11
Let q(f) = 2*f - 1. Let b be q(2). Suppose 2*a - b*a + 12 = 0. List the prime factors of a.
2, 3
Let t(g) = 5*g**2 - 2*g - 1. Let q(j) = j**2 - 6*j + 7. Let n be q(5). What are the prime factors of t(n)?
3, 5
Let r(m) = -m. Let w be r(-4). What are the prime factors of (w/5)/(2/5)?
2
Suppose 3*h - 4*z = -14, 5*h + 66 = -5*z + z. Let u(q) = q + 17. What are the prime factors of u(h)?
7
Suppose -2*i + 10 = 0, 0 = 4*y - y + 4*i - 233. What are the prime factors of y?
71
Suppose 7*o - 3*o = -20. Let z(y) = -y - 9. Let f be z(o). What are the prime factors of -2 - 7/2*f?
2, 3
Let n(k) = -27*k + 4. List the prime factors of n(-2).
2, 29
Let g(f) be the second derivative of -f**5/20 - f**4/2 - f**3/6 - 7*f**2/2 - 2*f. Let s be g(-6). Let k = s - -11. What are the prime factors of k?
2, 5
Let a = 12 - 7. Suppose -7 = -4*v + a. Suppose -v*u - 2*u = -15. What are the prime factors of u?
3
Let s(r) be the second derivative of r**4/12 + r**3/3 - 3*r**2/2 + 4*r. Suppose o + 9 = 4*o. List the prime factors of s(o).
2, 3
Let l be (-2 + -4)*7/3. What are the prime factors of (3 - -4)*(-36)/l?
2, 3
Let v = -4 - -6. Suppose 0 + 40 = v*m. What are the prime factors of m?
2, 5
Let p(g) = -g**3 - 5*g**2 + 5*g - 2. Let j be p(-6). Let i be (-5)/((-5)/3) - -49. Suppose -i = -j*y - 4. What are the prime factors of y?
2, 3
Suppose -5*m + 1550 = 5*p, m + 2*p - 88 - 227 = 0. What are the prime factors of m?
5, 61
Let n(f) = 5*f + 12. What are the prime factors of n(5)?
37
Let c(d) = -d + d + d + 2 + 10. What are the prime factors of c(-6)?
2, 3
Let q = 18 - 11. Suppose 4*j - 5*m - q + 0 = 0, -9 = 3*m. List the prime factors of 22 - (12/j)/(-2).
19
Let p be -6*(0 - (-3)/6). Let s = p + 12. What are the prime factors of s?
3
Suppose -2*i + 5*s + 249 = 0, 4*i - 101 = 4*s + 367. List the prime factors of i.
2, 7
Suppose 10 = 3*h - h. List the prime factors of h.
5
Let r = -9 + 15. Let n be r + -3 + -1*1. Suppose 5*t - 16 = m, -n*m - 3*t = -3*m - 6. List the prime factors of m.
3
Let q be 2/(2 - (-10)/(-4)). Let g be 46/4 + 2/q. Let x = 15 - g. What are the prime factors of x?
2
Let x(v) be the third derivative of -v**6/120 + v**5/10 + v**4/24 - 7*v**3/6 + v**2. List the prime factors of x(5).
23
Suppose o + 2*x = 4*o - 11, -4*x - 8 = -4*o. What are the prime factors of o - (1 - 6/3)?
2
Let y = 129 + -49. Suppose y = 6*a - a. List the prime factors of a.
2
Suppose -k - 8 = 3*a, -2*k = -4*a - 33 + 9. Suppose k*z = 7*z - 54. What are the prime factors of z?
2, 3
Let i(d) = -d**3 + 9*d**2 + 4. Let b be i(4). What are the prime factors of b/22 - (-6)/33?
2
What are the prime factors of 21/(-14) + 27/2?
2, 3
Suppose 15 + 215 = 5*o. What are the prime factors of o?
2, 23
Let a(q) = q**2 - 4*q + 4. Let z be a(6). What are the prime factors of 136/z - 2/4?
2
Let v be 14 - (0 - -1)*2. List the prime factors of 126/v*(4 - 2).
3, 7
What are the prime factors of 1/((20/55)/4)?
11
Let r = -61 + 146. What are the prime factors of r?
5, 17
Let q(a) = -a**3 + 10*a**2 - 4*a - 5. List the prime factors of q(8).
7, 13
Let v(j) = -j + 1. Let q(l) = l + 12. Let a be q(-7). Let s be v(a). Let w(h) = h**2 + h - 1. List the prime factors of w(s).
11
What are the prime factors of (58/(-6))/((-4 + 8)/(-24))?
2, 29
Let r be -4*2/(-4) + -2. Suppose f = -r*f - 11. Let t = 19 + f. What are the prime factors of t?
2
Suppose -5*x + 31 = -9. Let p = x - 2. List the prime factors of p.
2, 3
What are the prime factors of 20/6*(-2 + 20)?
2, 3, 5
Let h = -89 + 145. List the prime factors of h.
2, 7
List the prime factors of (-1)/((-3)/147)*2.
2, 7
Let t(u) = -2*u + 3. Let l be t(3). Suppose -3 + 10 = -m. Let x = l - m. What are the prime factors of x?
2
Let s = -1 + 0. Let p be 1 - (-2 - s) - -1. Suppose 4*d - p*g + 12 = 43, -g - 37 = -4*d. List the prime factors of d.
2, 5
Let b = 9 + -10. Let w(j) = -18*j**3 - j**2 + j + 1. What are the prime factors of w(b)?
17
Let t = -40 + 56. List the prime factors of t.
2
Let d(f) = -f + 5. Let k(l) = -l + 10. Let s be k(7). Let v be d(s). Let n = v - -11. What are the prime factors of n?
13
List the prime factors of (4 + -2*91/(-1))*1.
2, 3, 31
Let v = -79 + 152. What are the prime factors of v?
73
Let z(i) = i**2 + 3*i - 6. Let d be z(-5). Suppose d*l - 3*l - 3 = 0. Suppose -l*r + 17 = -1. List the prime factors of r.
2, 3
Let p(i) = -i + 6. Let q be p(7). Let t = 5 + q. Suppose -t*h + 0*h = -20. List the prime factors of h.
5
Suppose 199 = 4*i - 5*a, i - 3*a = 4*i - 129. Let u = i - 28. What are the prime factors of u?
2, 3
Suppose 127 = 4*u - 53. What are the prime factors of u?
3, 5
Let x(r) = 3*r**2 - 3*r - 3. Let p be x(-2). Let d = -3 + p. List the prime factors of d.
2, 3
Let w(o) = -8*o**3 + o + 1. Let y be w(-1). Suppose -4*x + 8 = -y. List the prime factors of x.
2
Let z be (6/15)/((-2)/(-5)). Suppose z + 2 = b. List the prime factors of (-2)/b - (-34)/6.
5
Let w be (0 - 12/(-2)) + -2. Let j = 8 - w. Let z(r) = r**3 - 4*r**2 + 2*r - 5. List the prime factors of z(j).
3
Let u(a) = -a**3 + 8*a**2 - 5*a - 2. List the prime factors of u(7).
2, 3
Let w(g) = -g**2 - 4*g + 5. Let c be w(-5). Suppose c = -0*h - 4*h + 40. What are the prime factors of (-4 + h)*(-2)/(-4)?
3
Let g(y) = 3*y**2 - 3*y + 2. Let b be g(2). List the prime factors of (b/(-3))/((-4)/18).
2, 3
Let g(s) = -3*s + 2. Let l(k) = -3*k + 3. Let u(a) = -3*g(a) + 2*l(a). Let c be 1 + (-2 - -5) + -3. What are the prime factors of u(c)?
3
Suppose 2 = -a + h + 7, 0 = 4*a + 5*h - 20. Suppose 2*g - 39 + 11 = a*r, 0 = -g + 4*r + 14. List the prime factors of g.
2, 7
Let r = -2 + 4. Suppose 0 = -5*l + r*l. Let p = l - -12. List the prime factors of p.
2, 3
Let w = 564 - 278. What are the prime factors of w?
2, 11, 13
Suppose -7*c - 4 = -165. What are the prime factors of c?
23
Let f be (-3)/(-3*(-2)/(-4)). Suppose